{"id":210843,"date":"2019-12-16T09:35:46","date_gmt":"2019-12-16T09:35:46","guid":{"rendered":"https:\/\/www.tpa-legal.pl\/?page_id=210843"},"modified":"2020-02-17T16:18:26","modified_gmt":"2020-02-17T16:18:26","slug":"zygmunt-tylicki","status":"publish","type":"page","link":"https:\/\/www.tpa-legal.pl\/index.php\/zygmunt-tylicki\/","title":{"rendered":"Zygmunt Tylicki"},"content":{"rendered":"<p>[et_pb_section fb_built=&#8221;1&#8243; _builder_version=&#8221;3.26.5&#8243; background_enable_image=&#8221;off&#8221; custom_padding=&#8221;3px|||||&#8221;][et_pb_row custom_padding=&#8221;1px|||||&#8221; custom_margin=&#8221;-5px|auto||auto||&#8221; _builder_version=&#8221;3.26.5&#8243; width=&#8221;81%&#8221;][et_pb_column type=&#8221;4_4&#8243; _builder_version=&#8221;3.26.5&#8243; background_color_phone=&#8221;#2D3D31&#8243; background_last_edited=&#8221;on|desktop&#8221; background_enable_color_phone=&#8221;on&#8221;][et_pb_image src=&#8221;https:\/\/www.tpa-legal.pl\/wp-content\/uploads\/2019\/12\/podstrona-BIO-Zygmunt_Easy-Resize.com_.jpg&#8221; _builder_version=&#8221;3.26.5&#8243; custom_margin=&#8221;||5px|||&#8221;][\/et_pb_image][et_pb_text _builder_version=&#8221;3.26.5&#8243; text_text_align=&#8221;left&#8221; text_font_size=&#8221;20px&#8221; text_line_height=&#8221;1.6em&#8221; background_color=&#8221;#D2AB5F&#8221; border_width_all=&#8221;4px&#8221; border_color_all=&#8221;rgba(119,119,119,0.59)&#8221; width=&#8221;35%&#8221; width_phone=&#8221;95%&#8221; width_last_edited=&#8221;on|desktop&#8221; max_width_phone=&#8221;95%&#8221; max_width_last_edited=&#8221;on|desktop&#8221; min_height_last_edited=&#8221;on|desktop&#8221; height_last_edited=&#8221;on|desktop&#8221; max_height_last_edited=&#8221;on|desktop&#8221; custom_margin=&#8221;-170px||72px|750px|false|false&#8221; custom_margin_phone=&#8221;-40px|||50px|false|false&#8221; custom_margin_last_edited=&#8221;on|phone&#8221; custom_padding=&#8221;30px||30px|41px|true|false&#8221; custom_padding_phone=&#8221;|0px||25px|true|false&#8221; custom_padding_last_edited=&#8221;on|phone&#8221; module_alignment_last_edited=&#8221;on|desktop&#8221; transform_scale__hover=&#8221;100%|100%&#8221; transform_styles__hover_enabled=&#8221;on&#8221; transform_scale__hover_enabled=&#8221;on&#8221; transform_translate__hover_enabled=&#8221;on&#8221; transform_rotate__hover_enabled=&#8221;on&#8221; transform_skew__hover_enabled=&#8221;on&#8221; transform_origin__hover_enabled=&#8221;on&#8221;]<\/p>\n<p><strong>Adwokat Zygmunt Tylicki<\/strong><br \/> + 48 609 471 622<br \/> <a href=\"mailto:zygmunt.tylicki@tpa-legal.pl\" target=\"_blank\" rel=\"noopener noreferrer\" class=\"m-link\">zygmunt.tylicki@tpa-legal.pl<\/a><\/p>\n<p>[\/et_pb_text][et_pb_text _builder_version=&#8221;3.26.5&#8243; text_font=&#8221;Open Sans|300|||||||&#8221; text_text_align=&#8221;justify&#8221; text_font_size=&#8221;16px&#8221; text_letter_spacing=&#8221;1px&#8221; text_line_height=&#8221;1.8em&#8221; background_color=&#8221;#2D3D31&#8243; text_orientation=&#8221;justified&#8221; custom_margin=&#8221;-72px||25px|0px|false|false&#8221; custom_margin_phone=&#8221;-72px||||false|false&#8221; custom_margin_last_edited=&#8221;on|phone&#8221; custom_padding=&#8221;51px|30px|83px|30px|false|false&#8221; custom_padding_phone=&#8221;51px||40px||false|false&#8221; custom_padding_last_edited=&#8221;on|phone&#8221; text_font_size_phone=&#8221;14px&#8221; text_font_size_last_edited=&#8221;on|phone&#8221; text_letter_spacing_phone=&#8221;0px&#8221; text_letter_spacing_last_edited=&#8221;on|desktop&#8221; text_line_height_last_edited=&#8221;on|desktop&#8221; transform_scale__hover=&#8221;100%|100%&#8221; transform_styles__hover_enabled=&#8221;on&#8221; transform_scale__hover_enabled=&#8221;on&#8221; transform_translate__hover_enabled=&#8221;on&#8221; transform_rotate__hover_enabled=&#8221;on&#8221; transform_skew__hover_enabled=&#8221;on&#8221; transform_origin__hover_enabled=&#8221;on&#8221;]<\/p>\n<p>Zygmunt Tylicki jest adwokatem, kt\u00f3rego niew\u0105tpliwym atutem jest po\u0142\u0105czenie\u00a0<span>dog\u0142\u0119bnej wiedzy z wieloletnim do\u015bwiadczeniem i kreatywno\u015bci\u0105 w doradztwie\u00a0<\/span><span>prawnym, kt\u00f3re umo\u017cliwiaj\u0105 rozwi\u0105zywanie najtrudniejszych problem\u00f3w prawnych<\/span><span>.\u00a0<\/span><\/p>\n<p><span>W trakcie wsp\u00f3\u0142pracy z jedn\u0105 z najwi\u0119kszych firm consultingowo-doradczych na\u00a0<\/span><span>\u015bwiecie zdoby\u0142 wszechstronne do\u015bwiadczenie w obs\u0142udze firm z sektora\u00a0<\/span><span>finansowego w dziedzinie Anti-money laundering.<\/span><\/p>\n<p>Wykszta\u0142cenie prawnicze zdobywa\u0142 na renomowanej niemieckiej uczelni wy\u017cszej\u00a0<span>Freie Universit\u00e4t Berlin oraz na Uniwersytecie Gda\u0144skim.<\/span><\/p>\n<p>Zajmuje si\u0119 prawem karnym, ze szczeg\u00f3lnym uwzgl\u0119dnieniem prawa karnego\u00a0<span>gospodarczego, wypadk\u00f3w drogowych i b\u0142\u0119d\u00f3w lekarskich. W ramach praktyki\u00a0<\/span><span>prawa cywilnego doradza w szczeg\u00f3lno\u015bci w przedmiocie obrotu <\/span><span>nieruchomo\u015bciami, inwestycji budowlanych, w\u0142asno\u015bci intelektualnej oraz we\u00a0<\/span><span>wszystkich kwestiach zwi\u0105zanych z zawieraniem, rozwi\u0105zywaniem i\u00a0<\/span><span>wykonywaniem um\u00f3w cywilnoprawnych, w tym tak\u017ce um\u00f3w o \u015bwiadczenia\u00a0<\/span><span>medyczne. W zakresie praktyki prawa sp\u00f3\u0142ek oraz prawa pracy, koncentruje si\u0119\u00a0<\/span><span>na obs\u0142udze przedsi\u0119biorc\u00f3w w bie\u017c\u0105cych sprawach zwi\u0105zanych z\u00a0<\/span><span>wykonywaniem dzia\u0142alno\u015bci gospodarczej w Polsce.<\/span><\/p>\n<p>W ramach German Desk kieruje zespo\u0142em obs\u0142uguj\u0105cym niemieckoj\u0119zycznych\u00a0<span>klient\u00f3w kancelarii. Prowadzi tak\u017ce praktyk\u0119 w j\u0119zyku angielskim.<\/span><\/p>\n<p>Prywatnie pasjonat motoryzacji. Zami\u0142owanie do pojazd\u00f3w mechanicznych,\u00a0<span>przek\u0142ada si\u0119 na doskona\u0142\u0105 znajomo\u015b\u0107 tematyki motoryzacyjnej i umo\u017cliwia\u00a0<\/span><span>pos\u0142ugiwanie si\u0119 specjalistyczn\u0105 terminologi\u0105, co niejednokrotnie przyczynia\u0142o\u00a0<\/span><span>si\u0119 do rozstrzygni\u0119cia tocz\u0105cych si\u0119 post\u0119powa\u0144 na korzy\u015b\u0107 reprezentowanego\u00a0<\/span><span>klienta.<\/span><\/p>\n<p>[\/et_pb_text][\/et_pb_column][\/et_pb_row][\/et_pb_section][et_pb_section fb_built=&#8221;1&#8243; custom_padding_last_edited=&#8221;on|desktop&#8221; _builder_version=&#8221;3.26.5&#8243; background_color=&#8221;#2D3D31&#8243; background_enable_color=&#8221;off&#8221; background_image=&#8221;https:\/\/www.tpa-legal.pl\/wp-content\/uploads\/2020\/02\/Projekt-bez-tytu\u0142u-3.png&#8221; background_enable_image=&#8221;off&#8221; custom_padding=&#8221;7px||7px||false|false&#8221; custom_padding_phone=&#8221;||7px||false|false&#8221; global_module=&#8221;211157&#8243;][et_pb_row column_structure=&#8221;1_4,1_4,1_4,1_4&#8243; use_custom_gutter=&#8221;on&#8221; gutter_width=&#8221;1&#8243; custom_padding=&#8221;23px||0px||false|false&#8221; custom_margin=&#8221;42px|auto||auto|false|false&#8221; _builder_version=&#8221;3.26.5&#8243; width=&#8221;90%&#8221; max_width=&#8221;2560px&#8221;][et_pb_column type=&#8221;1_4&#8243; _builder_version=&#8221;3.26.5&#8243;][et_pb_image src=&#8221;https:\/\/www.tpa-legal.pl\/wp-content\/uploads\/2020\/02\/LOGO_PLACHTA_Bia\u0142e_BezT\u0141A_.png&#8221; url=&#8221;https:\/\/www.tpa-legal.pl\/&#8221; align_phone=&#8221;center&#8221; align_last_edited=&#8221;on|phone&#8221; _builder_version=&#8221;3.26.5&#8243; width=&#8221;60%&#8221; width_phone=&#8221;50%&#8221; width_last_edited=&#8221;on|desktop&#8221; max_width=&#8221;60%&#8221; max_width_phone=&#8221;50%&#8221; max_width_last_edited=&#8221;on|desktop&#8221; max_height=&#8221;100px&#8221; max_height_phone=&#8221;100px&#8221; max_height_last_edited=&#8221;on|phone&#8221; custom_margin=&#8221;0px|||20px|false|false&#8221; custom_margin_phone=&#8221;-20px||20px|110px|false|false&#8221; custom_margin_last_edited=&#8221;on|desktop&#8221; custom_padding=&#8221;0px||1px|0px|false|false&#8221; module_alignment_last_edited=&#8221;on|phone&#8221;][\/et_pb_image][\/et_pb_column][et_pb_column type=&#8221;1_4&#8243; _builder_version=&#8221;3.26.5&#8243;][et_pb_text module_class=&#8221;%22p-link%22&#8243; _builder_version=&#8221;3.26.5&#8243; text_font=&#8221;Open Sans|300|||||||&#8221; text_text_align=&#8221;left&#8221; text_font_size=&#8221;14px&#8221; text_line_height=&#8221;2em&#8221; header_font_size=&#8221;27px&#8221; text_orientation=&#8221;center&#8221; custom_margin=&#8221;0px||25px|30px|false|false&#8221; custom_margin_phone=&#8221;25px|||0px|false|false&#8221; custom_margin_last_edited=&#8221;on|phone&#8221; custom_padding=&#8221;0px||0px||true|false&#8221; text_text_align_tablet=&#8221;center&#8221; text_text_align_last_edited=&#8221;on|phone&#8221; text_line_height_last_edited=&#8221;on|desktop&#8221; transform_scale__hover=&#8221;100%|100%&#8221;]<\/p>\n<h4><span style=\"color: #ffffff;\"><strong>Kancelaria<\/strong> :<\/span><\/h4>\n<p><span style=\"color: #ffffff;\"><a href=\"https:\/\/www.tpa-legal.pl\/index.php\/o-kancelarii\/\" class=\"p-link\">O Nas<\/a><\/span><br \/> <span style=\"color: #ffffff;\"> <a href=\"https:\/\/www.tpa-legal.pl\/index.php\/zespol\/\" class=\"p-link\">Prawnicy<\/a><\/span><br \/> <span style=\"color: #ffffff;\"> <a href=\"https:\/\/www.tpa-legal.pl\/index.php\/oferta\/\" class=\"p-link\">Co robimy<\/a><\/span><br \/> <span style=\"color: #ffffff;\"> <a href=\"https:\/\/www.tpa-legal.pl\/index.php\/wspolpraca\/\" class=\"p-link\">Wsp\u00f3\u0142praca<\/a><\/span><\/p>\n<p>[\/et_pb_text][\/et_pb_column][et_pb_column type=&#8221;1_4&#8243; _builder_version=&#8221;3.26.5&#8243;][et_pb_text _builder_version=&#8221;3.26.5&#8243; text_font=&#8221;Open Sans|300|||||||&#8221; text_text_align=&#8221;left&#8221; text_font_size=&#8221;14px&#8221; text_line_height=&#8221;2em&#8221; custom_margin=&#8221;||25px|30px|false|false&#8221; custom_margin_phone=&#8221;|||0px|false|false&#8221; custom_margin_last_edited=&#8221;on|desktop&#8221; custom_padding=&#8221;0px|0px|0px|0px|false|false&#8221; text_text_align_tablet=&#8221;left&#8221; text_text_align_phone=&#8221;center&#8221; text_text_align_last_edited=&#8221;on|desktop&#8221; text_line_height_last_edited=&#8221;on|desktop&#8221; transform_scale__hover=&#8221;100%|100%&#8221;]<\/p>\n<h4><strong><span style=\"color: #ffffff;\">Kontakt :<\/span><\/strong><\/h4>\n<p><span style=\"color: #ffffff;\"><a href=\"https:\/\/www.tpa-legal.pl\/index.php\/kontakt\/\" class=\"p-link\">Nasze biuro<br \/> <\/a><\/span><span style=\"color: #ffffff;\"><a href=\"https:\/\/www.tpa-legal.pl\/index.php\/cookies\/\" class=\"p-link\">Cookies<br \/> <\/a><a href=\"https:\/\/www.tpa-legal.pl\/index.php\/nota-prawna-i-polityka-prywatnosci\/\" class=\"p-link\">Nota prawna i Polityka prywatno\u015bci<br \/> <\/a><a href=\"https:\/\/www.tpa-legal.pl\/index.php\/ogolne-warunki-i-zasady\/\" class=\"p-link\">Og\u00f3lne warunki i zasady<\/a><\/span><\/p>\n<p>[\/et_pb_text][\/et_pb_column][et_pb_column type=&#8221;1_4&#8243; _builder_version=&#8221;3.26.5&#8243;][et_pb_image src=&#8221;https:\/\/www.tpa-legal.pl\/wp-content\/uploads\/2020\/02\/linkedin.png&#8221; url=&#8221;https:\/\/pl.linkedin.com\/in\/zygmunttylicki&#8221; url_new_window=&#8221;on&#8221; align=&#8221;right&#8221; _builder_version=&#8221;3.26.5&#8243; width=&#8221;9%&#8221; custom_margin=&#8221;-9px||0px|260px|false|false&#8221; custom_margin_phone=&#8221;30px|||240px|false|false&#8221; custom_margin_last_edited=&#8221;on|desktop&#8221; custom_padding=&#8221;0px||||false|false&#8221; transform_styles__hover_enabled=&#8221;on&#8221; transform_scale__hover_enabled=&#8221;on&#8221; transform_translate__hover_enabled=&#8221;on&#8221; transform_rotate__hover_enabled=&#8221;on&#8221; transform_skew__hover_enabled=&#8221;on&#8221; transform_origin__hover_enabled=&#8221;on&#8221; transform_scale__hover=&#8221;125%|125%&#8221;][\/et_pb_image][et_pb_text _builder_version=&#8221;3.26.5&#8243; text_font=&#8221;Open Sans|300|||||||&#8221; text_text_align=&#8221;left&#8221; text_font_size=&#8221;14px&#8221; text_line_height=&#8221;1.5em&#8221; width=&#8221;40%&#8221; custom_margin=&#8221;-18px||25px|132px|false|false&#8221; custom_margin_phone=&#8221;-18px||0px|120px|false|false&#8221; custom_margin_last_edited=&#8221;on|desktop&#8221; custom_padding=&#8221;0px|0px|0px|0px|false|false&#8221; link_option_url=&#8221;https:\/\/pl.linkedin.com\/in\/zygmunttylicki&#8221; transform_scale__hover=&#8221;100%|100%&#8221;]<\/p>\n<h4><strong><span style=\"color: #ffffff;\">Znajd\u017a nas :\u00a0<\/span><\/strong><\/h4>\n<p>&nbsp;<\/p>\n<p>[\/et_pb_text][\/et_pb_column][\/et_pb_row][et_pb_row column_structure=&#8221;1_3,1_3,1_3&#8243; custom_padding=&#8221;||0px||false|false&#8221; custom_margin=&#8221;|auto|2px|auto|false|false&#8221; _builder_version=&#8221;3.26.5&#8243; width=&#8221;95%&#8221; max_width=&#8221;2560px&#8221;][et_pb_column type=&#8221;1_3&#8243; _builder_version=&#8221;3.26.5&#8243;][\/et_pb_column][et_pb_column type=&#8221;1_3&#8243; _builder_version=&#8221;3.26.5&#8243;][et_pb_text _builder_version=&#8221;3.26.5&#8243; text_text_color=&#8221;#757575&#8243; text_font_size=&#8221;15px&#8221; header_text_color=&#8221;#757575&#8243; custom_margin=&#8221;-2px|-150px|50px|-150px|false|false&#8221; custom_margin_phone=&#8221;-80px|0px|-30px|0px|false|false&#8221; custom_margin_last_edited=&#8221;on|phone&#8221; custom_padding=&#8221;60px||0px|0px|false|false&#8221; text_text_align_phone=&#8221;center&#8221; text_text_align_last_edited=&#8221;on|desktop&#8221; text_orientation_last_edited=&#8221;on|phone&#8221; transform_scale__hover=&#8221;100%|100%&#8221;]<\/p>\n<p>\u00a9 2020 Tylicki P\u0142achta Adwokaci |\u00a0<a href=\"https:\/\/www.tpa-legal.pl\/index.php\/cookies\/\" class=\"s-link\">Cookies<\/a> | <a href=\"https:\/\/www.tpa-legal.pl\/index.php\/nota-prawna-i-polityka-prywatnosci\/\" class=\"s-link\">Nota prawna i Polityka prywatno\u015bci\u00a0<\/a><\/p>\n<p>[\/et_pb_text][\/et_pb_column][et_pb_column type=&#8221;1_3&#8243; _builder_version=&#8221;3.26.5&#8243; custom_padding=&#8221;|||0px|false|false&#8221;][\/et_pb_column][\/et_pb_row][\/et_pb_section]<\/p>\n","protected":false},"excerpt":{"rendered":"<p>[et_pb_section fb_built=&#8221;1&#8243; _builder_version=&#8221;3.26.5&#8243; background_enable_image=&#8221;off&#8221; custom_padding=&#8221;3px|||||&#8221;][et_pb_row custom_padding=&#8221;1px|||||&#8221; custom_margin=&#8221;-5px|auto||auto||&#8221; _builder_version=&#8221;3.26.5&#8243; width=&#8221;81%&#8221;][et_pb_column type=&#8221;4_4&#8243; _builder_version=&#8221;3.26.5&#8243; background_color_phone=&#8221;#2D3D31&#8243; background_last_edited=&#8221;on|desktop&#8221; background_enable_color_phone=&#8221;on&#8221;][et_pb_image src=&#8221;https:\/\/www.tpa-legal.pl\/wp-content\/uploads\/2019\/12\/podstrona-BIO-Zygmunt_Easy-Resize.com_.jpg&#8221; _builder_version=&#8221;3.26.5&#8243; custom_margin=&#8221;||5px|||&#8221;][\/et_pb_image][et_pb_text _builder_version=&#8221;3.26.5&#8243; text_text_align=&#8221;left&#8221; text_font_size=&#8221;20px&#8221; text_line_height=&#8221;1.6em&#8221; background_color=&#8221;#D2AB5F&#8221; border_width_all=&#8221;4px&#8221; border_color_all=&#8221;rgba(119,119,119,0.59)&#8221; width=&#8221;35%&#8221; width_phone=&#8221;95%&#8221; width_last_edited=&#8221;on|desktop&#8221; max_width_phone=&#8221;95%&#8221; max_width_last_edited=&#8221;on|desktop&#8221; min_height_last_edited=&#8221;on|desktop&#8221; height_last_edited=&#8221;on|desktop&#8221; max_height_last_edited=&#8221;on|desktop&#8221; custom_margin=&#8221;-170px||72px|750px|false|false&#8221; custom_margin_phone=&#8221;-40px|||50px|false|false&#8221; custom_margin_last_edited=&#8221;on|phone&#8221; custom_padding=&#8221;30px||30px|41px|true|false&#8221; custom_padding_phone=&#8221;|0px||25px|true|false&#8221; custom_padding_last_edited=&#8221;on|phone&#8221; module_alignment_last_edited=&#8221;on|desktop&#8221; transform_scale__hover=&#8221;100%|100%&#8221; transform_styles__hover_enabled=&#8221;on&#8221; transform_scale__hover_enabled=&#8221;on&#8221; transform_translate__hover_enabled=&#8221;on&#8221; transform_rotate__hover_enabled=&#8221;on&#8221; transform_skew__hover_enabled=&#8221;on&#8221; transform_origin__hover_enabled=&#8221;on&#8221;] Adwokat Zygmunt Tylicki + 48 609 471 622 zygmunt.tylicki@tpa-legal.pl [&hellip;]<\/p>\n","protected":false},"author":1,"featured_media":0,"parent":0,"menu_order":0,"comment_status":"closed","ping_status":"closed","template":"","meta":{"_et_pb_use_builder":"on","_et_pb_old_content":"<!-- wp:divi\/placeholder \/-->","footnotes":""},"class_list":["post-210843","page","type-page","status-publish","hentry"],"_links":{"self":[{"href":"https:\/\/www.tpa-legal.pl\/index.php\/wp-json\/wp\/v2\/pages\/210843","targetHints":{"allow":["GET"]}}],"collection":[{"href":"https:\/\/www.tpa-legal.pl\/index.php\/wp-json\/wp\/v2\/pages"}],"about":[{"href":"https:\/\/www.tpa-legal.pl\/index.php\/wp-json\/wp\/v2\/types\/page"}],"author":[{"embeddable":true,"href":"https:\/\/www.tpa-legal.pl\/index.php\/wp-json\/wp\/v2\/users\/1"}],"replies":[{"embeddable":true,"href":"https:\/\/www.tpa-legal.pl\/index.php\/wp-json\/wp\/v2\/comments?post=210843"}],"version-history":[{"count":34,"href":"https:\/\/www.tpa-legal.pl\/index.php\/wp-json\/wp\/v2\/pages\/210843\/revisions"}],"predecessor-version":[{"id":212222,"href":"https:\/\/www.tpa-legal.pl\/index.php\/wp-json\/wp\/v2\/pages\/210843\/revisions\/212222"}],"wp:attachment":[{"href":"https:\/\/www.tpa-legal.pl\/index.php\/wp-json\/wp\/v2\/media?parent=210843"}],"curies":[{"name":"wp","href":"https:\/\/api.w.org\/{rel}","templated":true}]}}