{"id":211110,"date":"2020-01-13T10:39:21","date_gmt":"2020-01-13T10:39:21","guid":{"rendered":"https:\/\/www.tpa-legal.pl\/?page_id=211110"},"modified":"2020-02-12T12:58:12","modified_gmt":"2020-02-12T12:58:12","slug":"nota-prawna-i-polityka-prywatnosci","status":"publish","type":"page","link":"https:\/\/www.tpa-legal.pl\/index.php\/nota-prawna-i-polityka-prywatnosci\/","title":{"rendered":"Nota Prawna i Polityka Prywatno\u015bci"},"content":{"rendered":"<p>[et_pb_section fb_built=&#8221;1&#8243; admin_label=&#8221;Page Title Section&#8221; _builder_version=&#8221;3.26.5&#8243; use_background_color_gradient=&#8221;on&#8221; background_color_gradient_start=&#8221;#313e47&#8243; background_color_gradient_end=&#8221;rgba(49,62,71,0.5)&#8221; background_color_gradient_overlays_image=&#8221;on&#8221; background_image=&#8221;https:\/\/www.tpa-legal.pl\/wp-content\/uploads\/2020\/01\/PODSTRONA-GRAFIKA_3.jpeg&#8221; custom_padding=&#8221;2px||0px|||&#8221;][et_pb_row custom_padding=&#8221;||50px|||&#8221; custom_margin=&#8221;|480px||auto||&#8221; admin_label=&#8221;Page Title Area&#8221; _builder_version=&#8221;3.25&#8243; background_size=&#8221;initial&#8221; background_position=&#8221;top_left&#8221; background_repeat=&#8221;repeat&#8221;][et_pb_column type=&#8221;4_4&#8243; _builder_version=&#8221;3.25&#8243; custom_padding=&#8221;|||&#8221; custom_padding__hover=&#8221;|||&#8221;][et_pb_text admin_label=&#8221;Page Title&#8221; _builder_version=&#8221;3.26.5&#8243; text_font=&#8221;Playfair Display|600|||||||&#8221; text_text_color=&#8221;#D2AB5F&#8221; text_font_size=&#8221;34px&#8221; text_line_height=&#8221;2em&#8221; link_font=&#8221;||||||||&#8221; ul_font=&#8221;||||||||&#8221; ol_font=&#8221;||||||||&#8221; quote_font=&#8221;||||||||&#8221; header_font=&#8221;Prata||||||||&#8221; header_font_size=&#8221;60px&#8221; header_line_height=&#8221;1.6em&#8221; header_2_font=&#8221;||||||||&#8221; header_3_font=&#8221;||||||||&#8221; header_4_font=&#8221;||||||||&#8221; header_5_font=&#8221;||||||||&#8221; header_6_font=&#8221;||||||||&#8221; text_orientation=&#8221;center&#8221; background_layout=&#8221;dark&#8221; max_width=&#8221;700px&#8221; module_alignment=&#8221;center&#8221; custom_margin=&#8221;|||&#8221; custom_padding_tablet=&#8221;|||100px|false|false&#8221; custom_padding_phone=&#8221;|||50px|false|false&#8221; custom_padding_last_edited=&#8221;on|desktop&#8221; header_font_size_tablet=&#8221;40px&#8221; header_font_size_last_edited=&#8221;on|tablet&#8221;]<\/p>\n<p style=\"text-align: left;\">Nota prawna i Polityka prywatno\u015bci<\/p>\n<p>[\/et_pb_text][\/et_pb_column][\/et_pb_row][\/et_pb_section][et_pb_section fb_built=&#8221;1&#8243; _builder_version=&#8221;3.26.5&#8243; custom_padding=&#8221;0px||0px|||&#8221;][et_pb_row _builder_version=&#8221;3.26.5&#8243;][et_pb_column type=&#8221;4_4&#8243; _builder_version=&#8221;3.26.5&#8243;][et_pb_text _builder_version=&#8221;3.26.5&#8243; text_text_align=&#8221;left&#8221; text_text_color=&#8221;#000000&#8243; custom_margin=&#8221;||-6px||false|false&#8221; custom_padding=&#8221;0px|150px|0px|150px|false|false&#8221; custom_padding_tablet=&#8221;|100px||100px|false|false&#8221; custom_padding_phone=&#8221;|0px||0px|false|false&#8221; custom_padding_last_edited=&#8221;on|phone&#8221;]<\/p>\n<p><strong><\/strong><\/p>\n<p><strong>NOTA PRAWNA I POLITYKA PRYWATNO\u015aCI<\/strong><\/p>\n<p><strong><\/strong><\/p>\n<p>[\/et_pb_text][\/et_pb_column][\/et_pb_row][\/et_pb_section][et_pb_section fb_built=&#8221;1&#8243; _builder_version=&#8221;3.26.5&#8243; custom_padding=&#8221;0px|||||&#8221;][et_pb_row custom_padding=&#8221;3px||0px|||&#8221; _builder_version=&#8221;3.26.5&#8243;][et_pb_column type=&#8221;4_4&#8243; _builder_version=&#8221;3.26.5&#8243;][et_pb_text _builder_version=&#8221;3.26.5&#8243; text_text_align=&#8221;justify&#8221; text_text_color=&#8221;#000000&#8243; text_font_size=&#8221;15px&#8221; text_line_height=&#8221;1.8em&#8221; custom_margin=&#8221;||28px||false|false&#8221; custom_padding=&#8221;0px|150px|80px|150px|false|false&#8221; custom_padding_tablet=&#8221;|100px||100px|false|false&#8221; custom_padding_phone=&#8221;|0px||0px|false|false&#8221; custom_padding_last_edited=&#8221;on|phone&#8221;]<\/p>\n<p><b>Ubezpieczenie adwokat\u00f3w<\/b><\/p>\n<p><span style=\"font-weight: 400;\">Adwokaci podlegaj\u0105 obowi\u0105zkowemu ubezpieczeniu zawodowemu (art. 8a ustawy Prawo o adwokaturze, t.j. Dz.U. z 2019 r. poz. 1513 z p\u00f3\u017an. zm.).<\/span><\/p>\n<p><span style=\"font-weight: 400;\"><\/span><\/p>\n<p><b>Wy\u0142\u0105czenie odpowiedzialno\u015bci<\/b><\/p>\n<p><span style=\"font-weight: 400;\">Wszelkie materia\u0142y na\u00a0niniejszej witrynie internetowej zamieszczone s\u0105 jedynie w\u00a0celu informacyjnym i\u00a0nie mog\u0105 by\u0107 traktowane jako porada prawna w\u00a0\u017cadnej konkretnej sprawie. Kancelaria Adwokacka Zygmunt Tylicki nie ponosi odpowiedzialno\u015bci za \u017cadne stwierdzenie zawarte w\u00a0tre\u015bci niniejszej witryny. Odwiedzaj\u0105cy niniejsz\u0105 witryn\u0119 powinni zasi\u0119gn\u0105\u0107 indywidualnej porady prawnej we wszystkich sprawach w\u00a0jakikolwiek spos\u00f3b odnosz\u0105cych si\u0119 do\u00a0ich praw i\u00a0obowi\u0105zk\u00f3w.<\/span><\/p>\n<p><span style=\"font-weight: 400;\"><\/span><\/p>\n<p><b>Ochrona prywatno\u015bci<\/b><\/p>\n<ul style=\"margin-left: 30px;\">\n<li><b>To\u017csamo\u015b\u0107 administratora danych osobowych<\/b><\/li>\n<\/ul>\n<p><span style=\"font-weight: 400;\">Kancelaria Adwokacka Zygmunt Tylicki jest administratorem danych osobowych klient\u00f3w, os\u00f3b kontaktowych klient\u00f3w oraz os\u00f3b, kt\u00f3rych dane s\u0105 przekazane przez klient\u00f3w, je\u015bli jest to niezb\u0119dne do\u00a0wykonania us\u0142ugi. W\u00a0zakresie, w\u00a0jakim kancelaria przetwarza takie dane osobowe w\u00a0celu \u015bwiadczenia pomocy prawnej, staje si\u0119 z\u00a0mocy prawa ich administratorem.<\/span><\/p>\n<p><span style=\"font-weight: 400;\"><\/span><\/p>\n<ul style=\"margin-left: 30px;\">\n<li><b>Dane kontaktowe administratora danych osobowych<\/b><\/li>\n<\/ul>\n<p><span style=\"font-weight: 400;\">Kancelaria Adwokacka Zygmunt Tylicki<\/span><\/p>\n<p><span style=\"font-weight: 400;\">ulica Targ Drzewny 3\/7, 80-886 Gda\u0144sk, Polska<\/span><\/p>\n<p><span style=\"font-weight: 400;\">REGON: <\/span><span style=\"font-weight: 400;\">384041910 \u00a0 NIP: 5833365745<\/span><\/p>\n<p><span style=\"font-weight: 400;\"><\/span><\/p>\n<ul style=\"margin-left: 30px;\">\n<li><b>Cele i\u00a0podstawy przetwarzania danych<\/b><b><\/b><\/li>\n<\/ul>\n<p><span style=\"font-weight: 400;\">Przetwarzamy dane w\u00a0nast\u0119puj\u0105cych celach:\u00a0<\/span><\/p>\n<ul style=\"margin-left: 50px;\">\n<li><span style=\"font-weight: 400;\">zawarcie i wykonanie umowy o \u015bwiadczenie us\u0142ug prawnych,<\/span><\/li>\n<li><span style=\"font-weight: 400;\">dochodzenie roszcze\u0144,<\/span><\/li>\n<li><span style=\"font-weight: 400;\">marketingu w zakresie uznanym za dozwolony przez samorz\u0105dy zawodowe,<\/span><\/li>\n<li><span style=\"font-weight: 400;\">realizacji obowi\u0105zk\u00f3w wynikaj\u0105cych z przepis\u00f3w prawa.<\/span><span style=\"font-weight: 400;\"><\/span><\/li>\n<\/ul>\n<p><span style=\"font-weight: 400;\"><\/span><\/p>\n<ul style=\"margin-left: 30px;\">\n<li><b>Podstawa prawna przetwarzania danych osobowych<\/b><\/li>\n<\/ul>\n<p><span style=\"font-weight: 400;\">W przypadku zawarcia i wykonania umowy o \u015bwiadczenie us\u0142ug prawnych podstawami prawnymi przetwarzania danych osobowych s\u0105:<\/span><\/p>\n<ul style=\"margin-left: 50px;\">\n<li><span style=\"font-weight: 400;\">art. 6 ust. 1 lit. b) Rozporz\u0105dzenia Parlamentu Europejskiego i Rady (UE) 2016\/679 z dnia 27 kwietnia 2016 roku w sprawie ochrony os\u00f3b fizycznych w zwi\u0105zku z przetwarzaniem danych osobowych i w sprawie swobodnego przep\u0142ywu takich danych oraz uchylenia dyrektywy 95\/46\/WE (Dziennik Urz\u0119dowy Unii Europejskiej L numer 119, strona 1, dalej jako: RODO), czyli dzia\u0142anie administratora w warunkach, w kt\u00f3rych przetwarzanie danych osobowych jest niezb\u0119dne do wykonania umowy, kt\u00f3rej stron\u0105 jest osoba, kt\u00f3rej dane osobowe dotycz\u0105,<\/span><\/li>\n<li><span style=\"font-weight: 400;\">art. 6 ust. 1 lit. f) RODO, czyli dzia\u0142anie administratora w warunkach, w kt\u00f3rych przetwarzanie jest niezb\u0119dne do cel\u00f3w wynikaj\u0105cych z prawnie uzasadnionych interes\u00f3w, realizowanych przez administratora lub przez stron\u0119 trzeci\u0105 \u2013 w zakresie danych os\u00f3b kontaktowych i os\u00f3b trzecich, kt\u00f3rych dane s\u0105 przetwarzane w zwi\u0105zku z realizacj\u0105 umowy,<\/span><\/li>\n<li><span style=\"font-weight: 400;\">art. 9 ust. 2 lit. a) RODO, czyli wyra\u017cenie zgody na przetwarzanie szczeg\u00f3lnych kategorii danych osobowych (danych ujawniaj\u0105cych przynale\u017cno\u015b\u0107 do zwi\u0105zk\u00f3w zawodowych, danych genetycznych, danych biometrycznych, danych dotycz\u0105cych zdrowia, seksualno\u015bci lub orientacji seksualnej, danych dotycz\u0105cych karalno\u015bci, je\u017celi do \u015bwiadczenia us\u0142ug prawnych niezb\u0119dne jest przetwarzanie tych danych).<\/span><\/li>\n<\/ul>\n<p><span style=\"font-weight: 400;\">W przypadku dochodzenia roszcze\u0144 podstaw\u0105 prawn\u0105 przetwarzania danych osobowych jest art. 6 ust. 1 lit. f) RODO, czyli dzia\u0142anie administratora w warunkach, w kt\u00f3rych przetwarzanie danych osobowych jest niezb\u0119dne do cel\u00f3w wynikaj\u0105cych z prawnie uzasadnionych interes\u00f3w, realizowanych przez administratora.<\/span><\/p>\n<p><span style=\"font-weight: 400;\"><\/span><\/p>\n<ul style=\"margin-left: 30px;\">\n<li><b>Pa\u0144stwa prawa<\/b><\/li>\n<\/ul>\n<p><span style=\"font-weight: 400;\">Przetwarzanie Pa\u0144stwa danych osobowych odbywa si\u0119 na\u00a0zasadzie dobrowolno\u015bci, jednak\u017ce w\u00a0zale\u017cno\u015bci od\u00a0okoliczno\u015bci odmowa udost\u0119pnienia danych lub \u017c\u0105danie ich usuni\u0119cia mo\u017ce uniemo\u017cliwi\u0107 nam np.\u00a0kontakt w\u00a0Pa\u0144stwem lub wykonanie us\u0142ugi.<\/span><\/p>\n<ul style=\"margin-left: 50px;\">\n<li><span style=\"font-weight: 400;\">Osobie, kt\u00f3rej dane osobowe s\u0105 przetwarzane przez administratora przys\u0142uguje prawo \u017c\u0105dania dost\u0119pu do danych osobowych, ich sprostowania, usuni\u0119cia lub ograniczenia przetwarzania w zakresie, w kt\u00f3rym podstaw\u0105 przetwarzania danych osobowych jest art. 6 ust. 1 lit. f) RODO. Osobie, kt\u00f3rej dane osobowe dotycz\u0105, przys\u0142uguje prawo do wniesienia w dowolnym momencie sprzeciwu wobec przetwarzania dotycz\u0105cych jej danych osobowych, kt\u00f3rego dotyczy art. 21 RODO,<\/span><\/li>\n<li><span style=\"font-weight: 400;\">osoba, kt\u00f3rej dane osobowe s\u0105 przetwarzane, mo\u017ce cofn\u0105\u0107 zgod\u0119 na przetwarzanie danych osobowych w dowolnym momencie bez wp\u0142ywu na zgodno\u015b\u0107 z prawem przetwarzania, kt\u00f3rego dokonano na podstawie zgody przed jej cofni\u0119ciem; powy\u017csze prawo dotyczy przetwarzania danych osobowych, kt\u00f3rego podstaw\u0105 prawn\u0105 jest wyra\u017cenie zgody na przetwarzania danych osobowych,<\/span><\/li>\n<li><span style=\"font-weight: 400;\">ponadto maj\u0105 Pa\u0144stwo prawo do\u00a0wniesienia skargi zwi\u0105zanej z\u00a0przetwarzaniem przez\u00a0Kancelari\u0119 danych osobowych do\u00a0Prezesa Urz\u0119du Ochrony Danych Osobowych.<\/span><span style=\"font-weight: 400;\"><\/span><\/li>\n<\/ul>\n<p>W sprawach zwi\u0105zanych z realizacj\u0105 praw mo\u017cna kontaktowa\u0107 si\u0119, wysy\u0142aj\u0105c informacj\u0119 na adres office@tpa-legal.pl.<\/p>\n<p><span style=\"font-weight: 400;\"><\/span><\/p>\n<ul style=\"margin-left: 30px;\">\n<li><b>Okres przechowywania danych<\/b><\/li>\n<\/ul>\n<p><span style=\"font-weight: 400;\">Pa\u0144stwa dane osobowe b\u0119d\u0105 przechowywane, odpowiednio:<\/span><\/p>\n<ul style=\"margin-left: 50px;\">\n<li><span style=\"font-weight: 400;\">do\u00a0czasu zrealizowania w\u0142a\u015bciwych prawnie uzasadnionych interes\u00f3w realizowanych przez\u00a0Kancelari\u0119 jako administratora danych zwi\u0105zanych z\u00a0przetwarzaniem okre\u015blonych danych,<\/span><\/li>\n<li><span style=\"font-weight: 400;\">do\u00a0czasu up\u0142ywu termin\u00f3w przedawnienia zwi\u0105zanych z\u00a0umow\u0105, z\u00a0kt\u00f3r\u0105 jest zwi\u0105zane przetwarzanie danych osobowych, lub zwi\u0105zanych z\u00a0przedawnieniem obowi\u0105zk\u00f3w wynikaj\u0105cych z\u00a0przepis\u00f3w prawa,<\/span><\/li>\n<li><span style=\"font-weight: 400;\">do\u00a0czasu wniesienia sprzeciwu w\u00a0zakresie przetwarzania w\u00a0celach marketingowych<\/span><\/li>\n<\/ul>\n<p><span style=\"font-weight: 400;\">W ka\u017cdym przypadku dane osobowe przestan\u0105 by\u0107 przetwarzane, je\u017celi odpadnie podstawa prawna ich przetwarzania.<\/span><\/p>\n<p><span style=\"font-weight: 400;\"><\/span><\/p>\n<ul style=\"margin-left: 30px;\">\n<li><b>Przekazywanie danych osobowych innym podmiotom<\/b><\/li>\n<\/ul>\n<p><span style=\"font-weight: 400;\">Kancelaria nie przekazuje, nie sprzedaje i\u00a0nie u\u017cycza zgromadzonych danych osobowych u\u017cytkownik\u00f3w innym osobom lub instytucjom, chyba \u017ce dzieje si\u0119 to za wyra\u017an\u0105 zgod\u0105 lub na\u00a0\u017cyczenie u\u017cytkownika, wynika wprost ze\u00a0zleconej sprawy lub te\u017c na\u00a0\u017c\u0105danie uprawnionych organ\u00f3w pa\u0144stwa na\u00a0potrzeby prowadzonych przez nie post\u0119powa\u0144.<\/span><\/p>\n<p><span style=\"font-weight: 400;\">Dane osobowe mog\u0105 by\u0107 przekazywane podmiotom, przetwarzaj\u0105cym dane osobowe na zlecenie administratora danych osobowych takich jak: dostawcy us\u0142ug informatycznych, dostawcy us\u0142ug ksi\u0119gowych, dostawcy us\u0142ug finansowych, dostawcy us\u0142ug prawnych.<\/span><\/p>\n<p><span style=\"font-weight: 400;\">Dane osobowe mog\u0105 by\u0107 przekazywane s\u0105dom, organom prowadz\u0105cym post\u0119powania inne ni\u017c s\u0105dowe, stronom post\u0119powa\u0144 s\u0105dowych oraz post\u0119powa\u0144 innych ni\u017c s\u0105dowe.<\/span><\/p>\n<p><span style=\"font-weight: 400;\">Kancelaria, w\u00a0zwi\u0105zku ze\u00a0wsp\u00f3\u0142prac\u0105 ze\u00a0swoimi dostawcami oraz\u00a0innymi kancelariami prawniczymi, mo\u017ce powierza\u0107 przetwarzanie Pa\u0144stwa danych osobowych wy\u017cej wskazanym podmiotom. Jednak\u017ce w\u00a0ka\u017cdym przypadku podmioty te b\u0119d\u0105 zobowi\u0105zane do\u00a0zachowania poufno\u015bci Pa\u0144stwa danych osobowych oraz\u00a0do\u00a0przetwarzania ich zgodnie z\u00a0przepisami dotycz\u0105cymi ochrony danych osobowych oraz\u00a0odpowiednimi instrukcjami Kancelarii.<\/span><\/p>\n<p><span style=\"font-weight: 400;\"><\/span><\/p>\n<ul style=\"margin-left: 30px;\">\n<li><b>Brak profilowania<\/b><\/li>\n<\/ul>\n<p><span style=\"font-weight: 400;\">Pa\u0144stwa dane osobowe nie\u00a0s\u0105 przedmiotem profilowania jako jednej z\u00a0form zautomatyzowanego przetwarzania danych osobowych.<\/span><\/p>\n<p><span style=\"font-weight: 400;\"><\/span><\/p>\n<p><b>Copyright<\/b><\/p>\n<p><span style=\"font-weight: 400;\">Kancelaria Adwokacka Zygmunt Tylicki jest w\u0142a\u015bcicielem witryny www.tpa-legal.pl. Je\u017celi nie stwierdzono inaczej, wszystkie materia\u0142y zawarte w\u00a0witrynie (teksty, obrazy, grafiki, fotografie jak i\u00a0inne elementy tw\u00f3rcze) nale\u017c\u0105\u00a0do Kancelarii Adwokackiej Zygmunt Tylicki lub s\u0105 przez ni\u0105 licencjonowane i s\u0105 chronione prawami autorskimi.<\/span><\/p>\n<p>[\/et_pb_text][\/et_pb_column][\/et_pb_row][\/et_pb_section][et_pb_section fb_built=&#8221;1&#8243; _builder_version=&#8221;3.26.5&#8243; background_color=&#8221;#2D3D31&#8243; background_enable_color=&#8221;off&#8221; background_image=&#8221;https:\/\/www.tpa-legal.pl\/wp-content\/uploads\/2020\/02\/Projekt-bez-tytu\u0142u-3.png&#8221; background_enable_image=&#8221;off&#8221; custom_padding=&#8221;7px||0px|||&#8221; global_module=&#8221;211157&#8243;][et_pb_row column_structure=&#8221;1_4,1_4,1_4,1_4&#8243; use_custom_gutter=&#8221;on&#8221; gutter_width=&#8221;1&#8243; custom_padding=&#8221;23px||0px||false|false&#8221; custom_margin=&#8221;42px|auto||auto|false|false&#8221; _builder_version=&#8221;3.26.5&#8243; width=&#8221;90%&#8221; max_width=&#8221;2560px&#8221;][et_pb_column type=&#8221;1_4&#8243; _builder_version=&#8221;3.26.5&#8243;][et_pb_image src=&#8221;https:\/\/www.tpa-legal.pl\/wp-content\/uploads\/2020\/02\/LOGO_PLACHTA_Bia\u0142e_BezT\u0141A_.png&#8221; _builder_version=&#8221;3.26.5&#8243; width=&#8221;59%&#8221; custom_margin=&#8221;14px|||-7px|false|false&#8221; custom_padding=&#8221;0px||1px|0px|false|false&#8221;][\/et_pb_image][\/et_pb_column][et_pb_column type=&#8221;1_4&#8243; _builder_version=&#8221;3.26.5&#8243;][et_pb_text _builder_version=&#8221;3.26.5&#8243; text_font=&#8221;Open Sans|300|||||||&#8221; text_text_align=&#8221;left&#8221; text_font_size=&#8221;14px&#8221; header_font_size=&#8221;27px&#8221; text_orientation=&#8221;center&#8221; custom_margin=&#8221;||25px|30px|false|false&#8221; custom_padding=&#8221;0px||0px||true|false&#8221; transform_scale__hover=&#8221;100%|100%&#8221;]<\/p>\n<h4><span style=\"color: #ffffff;\"><strong>Kancelaria<\/strong> :<\/span><\/h4>\n<p><span style=\"color: #ffffff;\"><a href=\"https:\/\/www.tpa-legal.pl\/index.php\/o-kancelarii\/\" style=\"color: #ffffff;\">O Nas<\/a><\/span><br \/> <span style=\"color: #ffffff;\"> <a href=\"https:\/\/www.tpa-legal.pl\/index.php\/zespol\/\" style=\"color: #ffffff;\">Prawnicy<\/a><\/span><br \/> <span style=\"color: #ffffff;\"> <a href=\"https:\/\/www.tpa-legal.pl\/index.php\/oferta\/\" style=\"color: #ffffff;\">Co robimy<\/a><\/span><br \/> <span style=\"color: #ffffff;\"> <a href=\"https:\/\/www.tpa-legal.pl\/index.php\/wspolpraca\/\" style=\"color: #ffffff;\">Wsp\u00f3\u0142praca<\/a><\/span><\/p>\n<p>[\/et_pb_text][\/et_pb_column][et_pb_column type=&#8221;1_4&#8243; _builder_version=&#8221;3.26.5&#8243;][et_pb_text _builder_version=&#8221;3.26.5&#8243; text_font=&#8221;Open Sans|300|||||||&#8221; text_text_align=&#8221;left&#8221; text_font_size=&#8221;14px&#8221; custom_margin=&#8221;||25px|0px|false|false&#8221; custom_padding=&#8221;0px|0px|0px|0px|false|false&#8221; transform_scale__hover=&#8221;100%|100%&#8221;]<\/p>\n<h4><strong><span style=\"color: #ffffff;\">Kontakt :<\/span><\/strong><\/h4>\n<p><span style=\"color: #ffffff;\"><a href=\"https:\/\/www.tpa-legal.pl\/index.php\/kontakt\/\" style=\"color: #ffffff;\">Nasze biuro<br \/> <\/a><\/span><span style=\"color: #ffffff;\"><a href=\"https:\/\/www.tpa-legal.pl\/index.php\/cookies\/\" style=\"color: #ffffff;\">Cookies<br \/> <\/a><a href=\"https:\/\/www.tpa-legal.pl\/index.php\/nota-prawna-i-polityka-prywatnosci\/\" style=\"color: #ffffff;\">Nota prawna i Polityka prywatno\u015bci<br \/> <\/a><a href=\"https:\/\/www.tpa-legal.pl\/index.php\/ogolne-warunki-i-zasady\/\" style=\"color: #ffffff;\">Og\u00f3lne warunki i zasady<\/a><\/span><\/p>\n<p>[\/et_pb_text][\/et_pb_column][et_pb_column type=&#8221;1_4&#8243; _builder_version=&#8221;3.26.5&#8243;][et_pb_image src=&#8221;https:\/\/www.tpa-legal.pl\/wp-content\/uploads\/2020\/02\/linkedin.png&#8221; url=&#8221;https:\/\/pl.linkedin.com\/in\/zygmunttylicki&#8221; align=&#8221;right&#8221; _builder_version=&#8221;3.26.5&#8243; width=&#8221;9%&#8221; custom_margin=&#8221;-9px||0px|260px|false|false&#8221; custom_padding=&#8221;0px||||false|false&#8221; transform_styles__hover_enabled=&#8221;on&#8221; transform_scale__hover_enabled=&#8221;on&#8221; transform_translate__hover_enabled=&#8221;on&#8221; transform_rotate__hover_enabled=&#8221;on&#8221; transform_skew__hover_enabled=&#8221;on&#8221; transform_origin__hover_enabled=&#8221;on&#8221; transform_scale__hover=&#8221;125%|125%&#8221;][\/et_pb_image][et_pb_text _builder_version=&#8221;3.26.5&#8243; text_font=&#8221;Open Sans|300|||||||&#8221; text_text_align=&#8221;left&#8221; text_font_size=&#8221;14px&#8221; text_line_height=&#8221;1.5em&#8221; width=&#8221;40%&#8221; custom_margin=&#8221;-18px||25px|132px|false|false&#8221; custom_padding=&#8221;0px|0px|0px|0px|false|false&#8221; link_option_url=&#8221;https:\/\/pl.linkedin.com\/in\/zygmunttylicki&#8221; transform_scale__hover=&#8221;100%|100%&#8221;]<\/p>\n<h4><strong><span style=\"color: #ffffff;\">Znajd\u017a nas :\u00a0<\/span><\/strong><\/h4>\n<p>&nbsp;<\/p>\n<p>[\/et_pb_text][\/et_pb_column][\/et_pb_row][et_pb_row column_structure=&#8221;3_4,1_4&#8243; custom_padding=&#8221;||0px||false|false&#8221; custom_margin=&#8221;|auto|-13px|auto|false|false&#8221; _builder_version=&#8221;3.26.5&#8243; width=&#8221;95%&#8221; max_width=&#8221;2560px&#8221;][et_pb_column type=&#8221;3_4&#8243; _builder_version=&#8221;3.26.5&#8243;][et_pb_text _builder_version=&#8221;3.26.5&#8243; text_text_align=&#8221;left&#8221; text_font_size=&#8221;15px&#8221; custom_margin=&#8221;-2px||32px|23px|false|false&#8221; custom_padding=&#8221;51px||0px||false|false&#8221; transform_scale__hover=&#8221;100%|100%&#8221;]<\/p>\n<p><span style=\"color: #777777;\">\u00a9 2020 Tylicki P\u0142achta Adwokaci<a href=\"https:\/\/www.tpa-legal.pl\/index.php\/cookies\/\" style=\"color: #777777;\"> | Cookies<\/a> | <a href=\"https:\/\/www.tpa-legal.pl\/index.php\/nota-prawna-i-polityka-prywatnosci\/\" style=\"color: #777777;\">Nota prawna i Polityka Prywatno\u015bci\u00a0<\/a><a href=\"https:\/\/www.tpa-legal.pl\/index.php\/nota-prawna-i-polityka-prywatnosci\/\" style=\"color: #777777;\"><\/a><\/span><\/p>\n<p>[\/et_pb_text][\/et_pb_column][et_pb_column type=&#8221;1_4&#8243; _builder_version=&#8221;3.26.5&#8243; custom_padding=&#8221;|||0px|false|false&#8221;][et_pb_text _builder_version=&#8221;3.26.5&#8243; text_text_color=&#8221;#a3a3a3&#8243; text_font_size=&#8221;15px&#8221; custom_margin=&#8221;-2px||-55px||false|false&#8221; custom_padding=&#8221;51px||0px||false|false&#8221;]<\/p>\n<p><span style=\"color: #7f7f7f;\">Realizacja : <a href=\"https:\/\/venartus.pl\/\" style=\"color: #7f7f7f;\">Venartus<\/a><\/span><\/p>\n<p>[\/et_pb_text][\/et_pb_column][\/et_pb_row][\/et_pb_section]<\/p>\n","protected":false},"excerpt":{"rendered":"<p>[et_pb_section fb_built=&#8221;1&#8243; admin_label=&#8221;Page Title Section&#8221; _builder_version=&#8221;3.26.5&#8243; use_background_color_gradient=&#8221;on&#8221; background_color_gradient_start=&#8221;#313e47&#8243; background_color_gradient_end=&#8221;rgba(49,62,71,0.5)&#8221; background_color_gradient_overlays_image=&#8221;on&#8221; background_image=&#8221;https:\/\/www.tpa-legal.pl\/wp-content\/uploads\/2020\/01\/PODSTRONA-GRAFIKA_3.jpeg&#8221; custom_padding=&#8221;2px||0px|||&#8221;][et_pb_row custom_padding=&#8221;||50px|||&#8221; custom_margin=&#8221;|480px||auto||&#8221; admin_label=&#8221;Page Title Area&#8221; _builder_version=&#8221;3.25&#8243; background_size=&#8221;initial&#8221; background_position=&#8221;top_left&#8221; background_repeat=&#8221;repeat&#8221;][et_pb_column type=&#8221;4_4&#8243; _builder_version=&#8221;3.25&#8243; custom_padding=&#8221;|||&#8221; custom_padding__hover=&#8221;|||&#8221;][et_pb_text admin_label=&#8221;Page Title&#8221; _builder_version=&#8221;3.26.5&#8243; text_font=&#8221;Playfair Display|600|||||||&#8221; text_text_color=&#8221;#D2AB5F&#8221; text_font_size=&#8221;34px&#8221; text_line_height=&#8221;2em&#8221; link_font=&#8221;||||||||&#8221; ul_font=&#8221;||||||||&#8221; ol_font=&#8221;||||||||&#8221; quote_font=&#8221;||||||||&#8221; header_font=&#8221;Prata||||||||&#8221; header_font_size=&#8221;60px&#8221; header_line_height=&#8221;1.6em&#8221; header_2_font=&#8221;||||||||&#8221; header_3_font=&#8221;||||||||&#8221; header_4_font=&#8221;||||||||&#8221; header_5_font=&#8221;||||||||&#8221; header_6_font=&#8221;||||||||&#8221; text_orientation=&#8221;center&#8221; background_layout=&#8221;dark&#8221; max_width=&#8221;700px&#8221; module_alignment=&#8221;center&#8221; custom_margin=&#8221;|||&#8221; custom_padding_tablet=&#8221;|||100px|false|false&#8221; custom_padding_phone=&#8221;|||50px|false|false&#8221; custom_padding_last_edited=&#8221;on|desktop&#8221; header_font_size_tablet=&#8221;40px&#8221; header_font_size_last_edited=&#8221;on|tablet&#8221;] [&hellip;]<\/p>\n","protected":false},"author":1,"featured_media":0,"parent":0,"menu_order":0,"comment_status":"closed","ping_status":"closed","template":"","meta":{"_et_pb_use_builder":"on","_et_pb_old_content":"","footnotes":""},"class_list":["post-211110","page","type-page","status-publish","hentry"],"_links":{"self":[{"href":"https:\/\/www.tpa-legal.pl\/index.php\/wp-json\/wp\/v2\/pages\/211110","targetHints":{"allow":["GET"]}}],"collection":[{"href":"https:\/\/www.tpa-legal.pl\/index.php\/wp-json\/wp\/v2\/pages"}],"about":[{"href":"https:\/\/www.tpa-legal.pl\/index.php\/wp-json\/wp\/v2\/types\/page"}],"author":[{"embeddable":true,"href":"https:\/\/www.tpa-legal.pl\/index.php\/wp-json\/wp\/v2\/users\/1"}],"replies":[{"embeddable":true,"href":"https:\/\/www.tpa-legal.pl\/index.php\/wp-json\/wp\/v2\/comments?post=211110"}],"version-history":[{"count":29,"href":"https:\/\/www.tpa-legal.pl\/index.php\/wp-json\/wp\/v2\/pages\/211110\/revisions"}],"predecessor-version":[{"id":211913,"href":"https:\/\/www.tpa-legal.pl\/index.php\/wp-json\/wp\/v2\/pages\/211110\/revisions\/211913"}],"wp:attachment":[{"href":"https:\/\/www.tpa-legal.pl\/index.php\/wp-json\/wp\/v2\/media?parent=211110"}],"curies":[{"name":"wp","href":"https:\/\/api.w.org\/{rel}","templated":true}]}}